{"id":165,"date":"2016-04-09T12:03:15","date_gmt":"2016-04-09T10:03:15","guid":{"rendered":"http:\/\/www.englisch-pur.de\/?page_id=165"},"modified":"2016-04-09T23:35:19","modified_gmt":"2016-04-09T21:35:19","slug":"nachhilfe","status":"publish","type":"page","link":"https:\/\/www.philipp-hayer.de\/englischpur\/?page_id=165","title":{"rendered":"Nachhilfe"},"content":{"rendered":"<p style=\"text-align: justify;\">Das Angebot f\u00fcr Nachhilfe richtet sich vor allem an Sch\u00fcler und Studenten. Egal ob einfach die Note aufgebessert werden soll, Unterst\u00fctzung bei Hausaufgaben erforderlich ist oder eine bestimmte Pr\u00fcfung vorbereitet werden muss: die Inhalte der Nachhilfe richten sich ganz individuell nach den Bed\u00fcrfnissen des Teilnehmers. Darum findet Nachhilfe auch immer als Einzelunterricht statt.<\/p>\n<p style=\"text-align: justify;\">Ziel ist es, dass der Nachhilfesch\u00fcler die jeweiligen Problemstellungen selbst\u00e4ndig meistern kann und nicht einfach nur die L\u00f6sungen vorzubeten.<\/p>\n<p style=\"text-align: justify;\">Nachhilfe kann entweder bei mir in Rohrbach oder vor Ort bei Ihnen zu Hause gegeben werden.<\/p>\n<p style=\"text-align: justify;\"><img loading=\"lazy\" decoding=\"async\" class=\"alignright wp-image-172\" src=\"http:\/\/www.philipp-hayer.de\/englischpur\/wp-content\/uploads\/2016\/04\/Logo-300x136.png\" alt=\"Logo\" width=\"150\" height=\"68\" srcset=\"https:\/\/www.philipp-hayer.de\/englischpur\/wp-content\/uploads\/2016\/04\/Logo-300x136.png 300w, https:\/\/www.philipp-hayer.de\/englischpur\/wp-content\/uploads\/2016\/04\/Logo.png 401w\" sizes=\"(max-width: 150px) 100vw, 150px\" \/>Preise f\u00fcr Nachhilfe sind auf der <a href=\"http:\/\/www.englisch-pur.de\/?page_id=126\">Preisseite<\/a> zu finden. Schnupperstunden sind m\u00f6glich.<\/p>\n","protected":false},"excerpt":{"rendered":"<p>Das Angebot f\u00fcr Nachhilfe richtet sich vor allem an Sch\u00fcler und Studenten. Egal ob einfach die Note aufgebessert werden soll, Unterst\u00fctzung bei Hausaufgaben erforderlich ist oder eine bestimmte Pr\u00fcfung vorbereitet werden muss: die Inhalte der Nachhilfe richten sich ganz individuell &hellip; <a href=\"https:\/\/www.philipp-hayer.de\/englischpur\/?page_id=165\">Weiterlesen <span class=\"meta-nav\">&rarr;<\/span><\/a><\/p>\n","protected":false},"author":1,"featured_media":0,"parent":0,"menu_order":0,"comment_status":"closed","ping_status":"closed","template":"","meta":{"footnotes":""},"class_list":["post-165","page","type-page","status-publish","hentry"],"_links":{"self":[{"href":"https:\/\/www.philipp-hayer.de\/englischpur\/index.php?rest_route=\/wp\/v2\/pages\/165"}],"collection":[{"href":"https:\/\/www.philipp-hayer.de\/englischpur\/index.php?rest_route=\/wp\/v2\/pages"}],"about":[{"href":"https:\/\/www.philipp-hayer.de\/englischpur\/index.php?rest_route=\/wp\/v2\/types\/page"}],"author":[{"embeddable":true,"href":"https:\/\/www.philipp-hayer.de\/englischpur\/index.php?rest_route=\/wp\/v2\/users\/1"}],"replies":[{"embeddable":true,"href":"https:\/\/www.philipp-hayer.de\/englischpur\/index.php?rest_route=%2Fwp%2Fv2%2Fcomments&post=165"}],"version-history":[{"count":4,"href":"https:\/\/www.philipp-hayer.de\/englischpur\/index.php?rest_route=\/wp\/v2\/pages\/165\/revisions"}],"predecessor-version":[{"id":192,"href":"https:\/\/www.philipp-hayer.de\/englischpur\/index.php?rest_route=\/wp\/v2\/pages\/165\/revisions\/192"}],"wp:attachment":[{"href":"https:\/\/www.philipp-hayer.de\/englischpur\/index.php?rest_route=%2Fwp%2Fv2%2Fmedia&parent=165"}],"curies":[{"name":"wp","href":"https:\/\/api.w.org\/{rel}","templated":true}]}}